{"id":3,"date":"2020-08-04T11:33:19","date_gmt":"2020-08-04T11:33:19","guid":{"rendered":"https:\/\/engiurd.com\/servirigor\/?page_id=3"},"modified":"2020-10-16T13:57:28","modified_gmt":"2020-10-16T13:57:28","slug":"politica-privacidade","status":"publish","type":"page","link":"https:\/\/servirigor.pt\/?page_id=3","title":{"rendered":"Aviso de privacidade"},"content":{"rendered":"\n<p><\/p>\n\n\n\n<p><strong>INTRODU\u00c7\u00c3O<\/strong><\/p>\n\n\n\n<p>A sua privacidade \u00e9 importante para n\u00f3s. Respeitamos a sua privacidade e estamos empenhados em proteg\u00ea-la. Para melhor protegermos a sua privacidade, apresentamos esta comunica\u00e7\u00e3o explicando as nossas pr\u00e1ticas de privacidade e as op\u00e7\u00f5es dispon\u00edveis para a forma como as suas informa\u00e7\u00f5es s\u00e3o recolhidas e utilizadas.<\/p>\n\n\n\n<p><strong>1. Que tipo de informa\u00e7\u00f5es pessoais recolhemos?<\/strong><\/p>\n\n\n\n<p>Eventualmente solicitamos informa\u00e7\u00f5es de identifica\u00e7\u00e3o pessoal quando solicita um servi\u00e7o, responde a um inqu\u00e9rito, troca correspond\u00eancia connosco ou participa em determinadas outras atividades. Voc\u00ea decide se deseja prosseguir com qualquer atividade que solicite informa\u00e7\u00f5es pessoais. No entanto, se n\u00e3o quiser fornecer as informa\u00e7\u00f5es pessoais solicitadas, poder\u00e1 n\u00e3o conseguir concluir a transa\u00e7\u00e3o. Da mesma forma, quando visita os nossos Websites, recolheremos informa\u00e7\u00f5es conhecidas como \u201cclickstreams\u201d (endere\u00e7o IP, nome do dom\u00ednio, etc.). Estas informa\u00e7\u00f5es, combinadas com os dados que nos facultou, permitem-nos personalizar melhor as suas visitas.<\/p>\n\n\n\n<p><strong>2. Como usamos as informa\u00e7\u00f5es que recolhemos?<\/strong><\/p>\n\n\n\n<p>Usamos as informa\u00e7\u00f5es pessoais das seguintes formas:<\/p>\n\n\n\n<ul class=\"wp-block-list\"><li>Para lhe fornecer informa\u00e7\u00f5es sobre atualiza\u00e7\u00f5es de produtos, novos produtos, servi\u00e7os, newsletters, e-mails informativos e pesquisas sobre ideias para futuros produtos ou melhoramentos;<\/li><li>Para nos ajudar a criar conte\u00fados relevantes para si;<\/li><li>Para lhe disponibilizar ofertas especiais que possam ser do seu interesse;<\/li><li>Para nos ajudar a criar melhores produtos e servi\u00e7os que satisfa\u00e7am as suas necessidades;<\/li><li>Para lhe permitir efetuar o download de documentos, obter acesso a servi\u00e7os ou participar noutras atividades que selecione;<\/li><li>Para o ajudar a encontrar rapidamente software, servi\u00e7os ou informa\u00e7\u00f5es sobre produtos importantes para si.<\/li><\/ul>\n\n\n\n<p><strong>3. Como protegemos as suas informa\u00e7\u00f5es pessoais?<\/strong><\/p>\n\n\n\n<p>Para garantir a seguran\u00e7a das suas informa\u00e7\u00f5es pessoais, estabelecemos uma s\u00e9rie de medidas de seguran\u00e7a e prote\u00e7\u00f5es. As suas informa\u00e7\u00f5es pessoais s\u00e3o guardadas em redes seguras, que apenas podem ser acedidas por um limitado n\u00famero de pessoas que det\u00eam direitos de acesso especiais, regidos por contratos de confidencialidade, onde devem respeitar e manter a natureza confidencial de tais informa\u00e7\u00f5es. N\u00e3o obstante estas medidas, quando faculta informa\u00e7\u00f5es pessoais na Internet existe sempre um risco de que estas possam ser intercetadas e usadas por terceiros fora do nosso controlo. Embora envidemos todos os esfor\u00e7os para proteger as suas informa\u00e7\u00f5es pessoais e a sua privacidade, n\u00e3o podemos garantir a seguran\u00e7a das informa\u00e7\u00f5es que disponibilize atrav\u00e9s da Internet.<\/p>\n\n\n\n<p><strong>4. Quem tem acesso \u00e0s suas informa\u00e7\u00f5es pessoais e at\u00e9 que ponto?<\/strong><\/p>\n\n\n\n<p>Al\u00e9m das empresas do nosso grupo e para os efeitos acima descritos, n\u00e3o vendemos, trocamos ou transferimos a terceiros as suas informa\u00e7\u00f5es pessoais, sob forma alguma. As suas informa\u00e7\u00f5es pessoais podem ser transferidas a fornecedores externos subcontratados para nos fornecerem determinados servi\u00e7os. Podem ser usadas para fornecer assist\u00eancia t\u00e9cnica. Exigimos a tais fornecedores subcontratados que mantenham as informa\u00e7\u00f5es pessoais dos nossos clientes seguras e confidenciais. Exigimos igualmente que estes fornecedores usem as informa\u00e7\u00f5es pessoais apenas em nome da nossa empresa. Poder\u00e1 a qualquer altura optar por n\u00e3o permitir a partilha das suas informa\u00e7\u00f5es pessoais com terceiros. Tal pedido pode ser efetuado simplesmente por nos endere\u00e7ar um e-mail.<\/p>\n\n\n\n<p><strong>5. Links<\/strong><\/p>\n\n\n\n<p>Por forma a melhorar os servi\u00e7os oferecidos, poderemos incluir links para Websites de terceiros. N\u00e3o nos responsabilizamos pelas pr\u00e1ticas de privacidade de tais Websites. Recomendamos que leia as respetivas declara\u00e7\u00f5es de privacidade, pois poder\u00e3o ser diferentes da nossa. A nossa empresa n\u00e3o poder\u00e1 ser responsabilizada, nem poder\u00e1 ser considerada respons\u00e1vel, pelo conte\u00fado e pelas atividades de tais Websites.<\/p>\n\n\n\n<p><strong>6. Cookies<\/strong><\/p>\n\n\n\n<p>Este website utiliza a tecnologia amplamente conhecida na ind\u00fastria como \u201ccookies\u201d. Um cookie \u00e9 um ficheiro de texto \u00fanico que um Website envia para o software do seu navegador (browser). Os cookies permitem que um Website personalize as informa\u00e7\u00f5es que lhe s\u00e3o apresentadas, com base nas suas prefer\u00eancias de navega\u00e7\u00e3o. Poderemos usar cookies para personalizar as suas p\u00e1ginas ou para se \u201crecordar\u201d de si quando registar produtos ou servi\u00e7os. Se n\u00e3o desejar que instalemos cookies no seu navegador (browser), poder\u00e1 definir o mesmo para rejeitar cookies. A rejei\u00e7\u00e3o de cookies poder\u00e1 afetar a sua capacidade de utilizar alguns dos servi\u00e7os no nosso website. Este site tamb\u00e9m utiliza cookies para rastrear as visitas aos nossos Websites. As informa\u00e7\u00f5es recolhidas desta forma ajudam-nos a otimizar o conte\u00fado dos Websites, a navega\u00e7\u00e3o nos mesmos e o seu desempenho.<\/p>\n\n\n\n<p><strong>7. Op\u00e7\u00f5es e anula\u00e7\u00e3o<\/strong><\/p>\n\n\n\n<p>Disponibilizamos diversas formas para que possa rever, alterar ou apagar as suas informa\u00e7\u00f5es pessoais, ou ainda solicitar que n\u00e3o lhe enviemos informa\u00e7\u00f5es adicionais. Poderemos simultaneamente disponibilizar-lhe estas op\u00e7\u00f5es quando nos facultar informa\u00e7\u00f5es pessoais. Pode rever, atualizar ou apagar a sua conta, editando as defini\u00e7\u00f5es do seu perfil e conta na \u00e1rea de registo onde e conforme aplic\u00e1vel. Para proteger a sua privacidade e seguran\u00e7a, tomaremos as medidas razo\u00e1veis para verificar a sua identidade, antes de conceder acesso ou efetuar corre\u00e7\u00f5es. Se tiver dificuldades em alterar ou apagar as suas informa\u00e7\u00f5es pessoais, poder\u00e1 contactar- nos para obter assist\u00eancia.<\/p>\n\n\n\n<p><strong>8. Altera\u00e7\u00f5es \u00e0 pol\u00edtica de privacidade<\/strong><\/p>\n\n\n\n<p>No futuro, poderemos optar por modificar ou atualizar esta pol\u00edtica, quer devido a altera\u00e7\u00f5es na legisla\u00e7\u00e3o, quer por forma a abranger novos desenvolvimentos da Internet. Assim sendo, reservamo-nos o direito de efetuar quaisquer altera\u00e7\u00f5es nesse sentido e solicitamos que visite esta p\u00e1gina regularmente, uma vez que tais altera\u00e7\u00f5es poder\u00e3o afet\u00e1-lo enquanto visitante do nosso website.<\/p>\n\n\n\n<p><strong>9. Contate-nos<\/strong><\/p>\n\n\n\n<p>Para quaisquer quest\u00f5es relativas a esta pol\u00edtica de privacidade e aspetos de privacidade dos nossos produtos e servi\u00e7os, ou para efetuar uma reclama\u00e7\u00e3o, \u00e9 favor contactar por carta:<\/p>\n\n\n\n<p>Avenida Marechal Gomes da Costa, 21D, 1800-255 Lisboa, Portugal<\/p>\n\n\n\n<p>Ou por e-mail:<\/p>\n\n\n\n<p><em>privacidade@servirigor.pt<\/em><\/p>\n","protected":false},"excerpt":{"rendered":"<p>INTRODU\u00c7\u00c3O A sua privacidade \u00e9 importante para n\u00f3s. Respeitamos a sua privacidade e estamos empenhados em proteg\u00ea-la. Para melhor protegermos a sua privacidade, apresentamos esta comunica\u00e7\u00e3o explicando as nossas pr\u00e1ticas de privacidade e as op\u00e7\u00f5es dispon\u00edveis para a forma como as suas informa\u00e7\u00f5es s\u00e3o recolhidas e utilizadas. 1. Que tipo de informa\u00e7\u00f5es pessoais recolhemos? Eventualmente [&hellip;]<\/p>\n","protected":false},"author":1,"featured_media":0,"parent":0,"menu_order":0,"comment_status":"closed","ping_status":"open","template":"","meta":{"footnotes":""},"class_list":["post-3","page","type-page","status-publish","hentry"],"_links":{"self":[{"href":"https:\/\/servirigor.pt\/index.php?rest_route=\/wp\/v2\/pages\/3","targetHints":{"allow":["GET"]}}],"collection":[{"href":"https:\/\/servirigor.pt\/index.php?rest_route=\/wp\/v2\/pages"}],"about":[{"href":"https:\/\/servirigor.pt\/index.php?rest_route=\/wp\/v2\/types\/page"}],"author":[{"embeddable":true,"href":"https:\/\/servirigor.pt\/index.php?rest_route=\/wp\/v2\/users\/1"}],"replies":[{"embeddable":true,"href":"https:\/\/servirigor.pt\/index.php?rest_route=%2Fwp%2Fv2%2Fcomments&post=3"}],"version-history":[{"count":1,"href":"https:\/\/servirigor.pt\/index.php?rest_route=\/wp\/v2\/pages\/3\/revisions"}],"predecessor-version":[{"id":5,"href":"https:\/\/servirigor.pt\/index.php?rest_route=\/wp\/v2\/pages\/3\/revisions\/5"}],"wp:attachment":[{"href":"https:\/\/servirigor.pt\/index.php?rest_route=%2Fwp%2Fv2%2Fmedia&parent=3"}],"curies":[{"name":"wp","href":"https:\/\/api.w.org\/{rel}","templated":true}]}}